ulate the remainder when i is divided by 5.
0
Suppose -2*y + 41*y - 6006 = 0. Calculate the remainder when y is divided by (-22)/33*(0 + 186/(-4)).
30
Suppose 122*l = 17384 - 2866. What is the remainder when 126 is divided by l?
7
Let v be (-1)/(4/8*1). What is the remainder when 3/2*(8 + v) is divided by 4?
1
Suppose 0 = 2*d - 3*o - 5066, 73*o - 71*o + 5062 = 2*d. Calculate the remainder when d is divided by 158.
157
Let l = -4411 + 4677. What is the remainder when 1335 is divided by l?
5
Let b = 178 - 175. Suppose 0*u = -b*u, -5*u = 3*j - 117. What is the remainder when j is divided by 13?
0
Let s = -392 - -410. What is the remainder when 117 + (2 - (-5 - -3)) is divided by s?
13
Let q = 7 - -4. Let n(b) = b**3 + 26*b**2 + 23*b - 9. Let t(y) = -y**3 - 9*y**2 - 9*y + 10. Let m be t(-7). Calculate the remainder when n(m) is divided by q.
8
Let q(w) = -3*w**2 - 59*w + 12. Let k be q(-20). Calculate the remainder when 200 is divided by (7 - (-2 - k))/1 + 6.
4
Suppose -2*x + 828 = -2*p, 4*x + 0*x + 1632 = -4*p. What is the remainder when p/(-4) + (-6)/(-24) is divided by 8?
7
Suppose -258 = 70*z - 1448. Calculate the remainder when (-876)/(-28) + (-4)/14 is divided by z.
14
Let d = 46 + -13. Calculate the remainder when 369 is divided by d.
6
Suppose -477*u = -504*u + 4104. What is the remainder when u is divided by 115?
37
Suppose -113 - 485 = 13*t. What is the remainder when 250 is divided by (t*(-1)/3)/((-34)/(-51))?
20
Let h(i) = 846*i - 778. Calculate the remainder when 372 is divided by h(1).
32
Calculate the remainder when 108/(-2)*(-2492)/1602 is divided by 43.
41
Let k = 1014 - 867. What is the remainder when 431 is divided by k?
137
Suppose -4*m - u - 50 = m, -3*u - 29 = 4*m. What is the remainder when 48 is divided by 8*(m/(-2) + -2)?
20
Let o be (3 - 4)*-3*2/3. Suppose 9 = o*k - 341. Suppose -10*a + 1075 = k. What is the remainder when a is divided by 13?
12
Let u = -34 - -36. Suppose -u*k + 4*x + 22 = 0, -2*x + 51 = 4*k - 3*x. Calculate the remainder when k is divided by 5.
3
Suppose 0 = -7*k - 15 + 64. Suppose k*q = -260 + 309. Calculate the remainder when 88 is divided by q.
4
Suppose 5*b = -x + 65, -b + 19 = 3*x - 4*x. Suppose 25*k = 32*k - b. Suppose 0 = -7*g - k*g + 1116. What is the remainder when g is divided by 16?
12
Let p = 66640 - 66633. Calculate the remainder when 1 - 1/((-1)/78) is divided by p.
2
Suppose 7*n = -n + 48. Suppose 0 = -18*g + 3*g + 705. What is the remainder when g is divided by 40/(-2)*n*2/(-20)?
11
Suppose 2*x - 8*u + 12*u = 88, -x + 44 = 5*u. What is the remainder when 167 is divided by x?
35
Let a be (0 - 1) + (-8 - -12). Let r(b) = 3*b + 2*b**2 + a*b - b**2 + 10 - 15*b. Calculate the remainder when r(13) is divided by 22.
18
Let u(q) be the third derivative of -q**5/60 - 3*q**4/8 - q**3/2 - 25*q**2 - 2. What is the remainder when 88 is divided by u(-6)?
13
Suppose p - 186 = 488. Suppose 6*u + 142 = 7*u + 2*q, -q = 5*u - p. What is the remainder when u is divided by 8?
6
Let f(i) be the first derivative of i**3 - 4*i**2 - 16*i - 6. Let s(c) = -4*c + 76. Let a be s(20). Calculate the remainder when f(a) is divided by 17.
13
Let k = 25 - 10. What is the remainder when (-957)/(-22) - 1/2 is divided by k?
13
Let o = -197 + 7972. What is the remainder when o is divided by 101?
99
Suppose -9203 - 98837 = -370*q. Calculate the remainder when q is divided by 91.
19
Let l(z) = 76 + 17*z + z**3 - 78 - 21*z + 9*z**2. Calculate the remainder when 134 is divided by l(-9).
32
Let a = 8 + -1. Suppose -13*j + 15*j - 10 = 0. Suppose 0 = m + h + 2, 15 = 5*m - j*h - 15. Calculate the remainder when a is divided by m.
1
Suppose -37*k - 58549 = -96840 - 81256. Calculate the remainder when k is divided by 66.
63
Let f(d) = 358*d**2 + 14*d - 1. Let l(p) = -179*p**2 - 6*p. Let b(o) = -2*f(o) - 5*l(o). What is the remainder when b(-1) is divided by 18?
17
Suppose -102*k + 280 = 4*c - 103*k, k + 140 = 2*c. What is the remainder when c is divided by 43?
27
Let b = 1040 + -582. Calculate the remainder when b is divided by 56.
10
Let k be -10 - 410/(-35) - (-4)/14. Calculate the remainder when 54 is divided by (2 + 2 - k)*26.
2
Let g(z) = -z**2 + 8*z + 4. What is the remainder when 157 is divided by g(6)?
13
Suppose -5*y + 4511 - 1836 = 0. What is the remainder when y is divided by 138?
121
Suppose 0 = 116*a - 122*a + 16002. Suppose a = 5*l + 572. Calculate the remainder when l is divided by 30.
29
Suppose 0 = -12*z + 14*z - 100. Let k = -432 + 807. Let l = k - 127. Calculate the remainder when l is divided by z.
48
Let z(q) = -q**3 - 6*q**2 - q - 3. Let i be z(-6). Calculate the remainder when 1742/130 + 2/(-5) is divided by (-1)/(i + -4)*4.
1
Suppose 0 = -3*r - 4*k + 45854, -r = -103*k + 104*k - 15282. Calculate the remainder when r is divided by 47.
46
Let n(s) = 8*s + 112. Let w be 3/(-6)*(63 - 37). What is the remainder when n(w) is divided by 8?
0
Suppose -2*u = 5*o - 1156, 158 = 5*o + 3*u - 1001. Calculate the remainder when o is divided by ((-2)/(-6))/((40/10)/48).
2
Let s(o) = o**3 + 11*o**2 + 4*o - 9. Let u(r) = -12*r - 2. Let z be u(1). What is the remainder when s(-8) is divided by (-680)/(-18) + z/(-63)?
37
Suppose 0*b - 319 = -11*b. Let s = -9 + b. Let j(z) = 2*z**2 - z + 1. What is the remainder when j(-4) is divided by s?
17
Suppose -109*q + 112*q = -3*l + 48, -2*q - 5*l = -47. What is the remainder when 2171 is divided by q?
4
Let a = 197 + -155. Suppose -6*k - a = -270. Calculate the remainder when k is divided by 8/6*18*1.
14
Suppose -5*a + 115 = -5*r, 26*r = a + 22*r - 38. Let v = 50 - -19. What is the remainder when v is divided by a?
15
Suppose 3*c + 1430 - 3860 = 0. Suppose 5*x = 5*o - c, 0 = x - 3*x. What is the remainder when o is divided by 58?
46
Suppose -12292 = 4240*h - 4268*h. Calculate the remainder when h is divided by 5.
4
Suppose -8*s - 98 + 2 = 0. Let a = 57 - 8. What is the remainder when a is divided by (-2323)/(-138) - 2/s?
15
Suppose -5*t + v = -70056, 0 = 24*v - 28*v - 24. Calculate the remainder when t is divided by 131.
124
Let l(j) = -2*j**2 + 18*j + 472. Calculate the remainder when 153 is divided by l(-11).
25
Suppose 0 = -2*x - i + 115, -5*x + i - 24 + 315 = 0. Let w be 988/(-11) + 16/(-88). Calculate the remainder when x is divided by w/12*8/(-6).
8
Let t(p) = p + 57. Let r be (5/1 - 5) + -3 + -17. Calculate the remainder when t(r) is divided by 13.
11
Let c = 90 + -85. Let k(t) be the second derivative of t**5/10 + 13*t**4/12 + 5*t**3/6 + 3*t**2 - 18*t. What is the remainder when k(-6) is divided by c?
2
Suppose w = 2*v - 11, -6*v + 8*v - 26 = 4*w. Suppose -4*o = -4*t - 228, t - 99 = -5*o + v*o. What is the remainder when o is divided by (-12)/1*(-3)/2?
16
Let y(q) = -1344*q - 6737. Let t be y(-5). Let a(l) = 12 - 6*l**2 - 8*l + 4*l**2 - 26*l. Calculate the remainder when a(t) is divided by 4.
0
Suppose -4*c + 2*b + 5 = c, 0 = b + 5. Let u(d) = -51*d - 1. Suppose 5*k - 3*l - 80 = 0, -7*k + 3*l + 2 = -8*k. What is the remainder when u(c) is divided by k?
11
Suppose 0 = -11*t + 16*t - 30. Suppose -2*c + 5*w = -81, 5*w = c + t*w - 51. Suppose 0*h - 78 = -6*h. What is the remainder when c is divided by h?
9
Suppose -2*l + 44 = 2*l. Let q = -3 + -4. Let x(a) = -9*a - 23. Calculate the remainder when x(q) is divided by l.
7
Let a = 8 + 0. Suppose 11*o - 8*o = -3*t + 201, 5*o - 335 = -3*t. Calculate the remainder when o is divided by a - (-2 - (-4 - -4)).
7
Let h(f) = 69*f + 4. Calculate the remainder when 3254 is divided by h(0).
2
Suppose -633 = -3*u - 4*z, -2*z + 422 = 6*u - 4*u. What is the remainder when u is divided by 55?
46
Suppose -141*u + 3338 + 1174 = 0. What is the remainder when 58 is divided by u?
26
Let r(a) = 2*a**2 + 11*a + 32. Let p be r(-11). Let q = 84 - -61. Let t = p + q. Calculate the remainder when t is divided by 43.
40
Let i(t) = -2 + 13*t**2 - 7 + 2*t + t**3 - 7*t**2 - 7*t**2. Let p be (2/(-3))/(16/(-72)). Calculate the remainder when 55 is divided by i(p).
10
Let q be ((-1038)/(-15) - 4)/(4/(-20)). Let p = -310 - q. What is the remainder when 94 - ((-1)/(-1) - 0) is divided by p?
13
Suppose -11757 = 7*h - 3*z - 42364, -h = -3*z - 4375. Calculate the remainder when h is divided by 175.
172
Let i = -546 + 574. Let d = 293 - 162. What is the remainder when d is